nws-alerts: Checking more than four warning/county codes can delay the loading of your pages. You should use a cron job to get the data.

NOAA-Style Climate Reports

Select a Year or Month report
2024: Jan Feb Mar Apr May Jun Jul Aug Sep Oct Nov Dec
2023: Jan Feb Mar Apr May Jun Jul Aug Sep Oct Nov Dec
2022: Jan Feb Mar Apr May Jun Jul Aug Sep Oct Nov Dec
2021: Jan Feb Mar Apr May Jun Jul Aug Sep Oct Nov Dec

Report for 2024 June

Daily noaa report



                            MONTHLY CLIMATOLOGICAL SUMMARY for JUN. 2024

NAME:    CITY:  STATE: 
ELEV:  LAT:  LONG: 

                            TEMPERATURE ( °F), RAIN (in.), WIND SPEED (mph)

                                               HEAT     COOL           AVG
      MEAN                                     DEG      DEG            WIND                       DOM
DAY   TEMP    HIGH   TIME     LOW    TIME      DAYS     DAYS    RAIN   SPEED    HIGH    TIME      DIR
--------------------------------------------------------------------------------------------------------
01    66.7   083.3   16:39    50.2   06:02     00.0     01.8   00.00   02.0     11.5    18:05     WSW
02    72.0   083.5   17:08    60.1   06:30     00.0     07.0   00.00   01.9     13.8    14:48      W 
03    75.7   087.4   16:12    67.3   07:17     00.0     10.8   00.07   02.3     16.1    11:58      W 
04    76.7   089.6   13:27    66.4   06:22     00.0     11.8   00.01   01.9     12.7    16:58      S 
05    78.3   087.1   14:59    71.6   05:43     00.0     13.3   00.00   02.0     12.7    15:14     WSW
06    80.4   091.6   16:15    72.3   06:20     00.0     15.5   00.00   04.1     20.7    12:26     WNW
07    79.5   090.7   16:47    67.8   00:00     00.0     14.6   00.00   02.6     14.9    14:32      W 
08    75.9   088.2   16:04    61.9   06:13     00.0     11.0   00.00   02.2     14.9    14:13     WSW
09    79.2   090.3   14:15    70.0   00:03     00.0     14.2   00.01   03.3     21.9    14:15      W 
10    72.7   084.0   16:12    64.4   06:46     00.0     07.8   00.20   01.9     14.9    14:23     WSW
11    72.1   082.8   16:25    63.5   00:00     00.0     07.1   00.00   01.9     12.7    11:07      N 
12    71.0   083.5   14:58    60.6   05:45     00.0     06.0   00.00   01.5     13.8    16:17      SE
13    75.0   087.3   12:34    63.1   05:43     00.0     10.0   00.00   01.4     12.7    18:19      SE
14    78.5   092.8   15:37    63.7   06:12     00.0     13.6   00.00   01.5     11.5    16:19     SSE
15    76.0   088.7   16:36    65.5   00:00     00.0     11.0   00.02   02.1     17.3    11:18      N 
16    73.5   086.2   16:10    61.7   04:59     00.0     08.6   00.00   01.7     12.7    16:19     ESE
17    75.0   087.6   13:43    64.2   06:18     00.0     10.1   00.00   01.9     16.1    16:03     ESE
18    75.3   087.3   13:38    64.0   05:35     00.0     10.4   00.00   01.8     14.9    14:50     ESE
19    75.1   086.5   13:11    64.2   06:07     00.0     10.1   00.00   01.8     13.8    15:26      E 
20    75.6   087.1   12:53    64.9   05:50     00.0     10.7   00.00   01.7     13.8    14:20     ESE
21    77.8   090.9   15:18    66.2   06:23     00.0     12.9   00.00   01.8     14.9    15:40     SSW
22    83.5   097.3   16:59    71.8   06:02     00.0     18.6   00.00   02.2     14.9    11:06     WSW
23    84.9   095.7   15:40    75.4   06:21     00.0     19.9   00.00   03.7     21.9    14:23      W 
24    78.7   089.2   12:44    71.1   00:00     00.0     13.8   00.83   02.0     16.1    02:06      W 
--------------------------------------------------------------------------------------------------------
76.2 (76.9)   97.3  day 22     50.2  day 01   000.0    270.5   01.13   02.1     21.9   day 09      W 
Max >  86: 19
Min <  86: 24
Max Rain: 0.83 ON 24-06-24
Days of Rain: 4 (> .008in) 2 (> .08in) 1 (> 0.8in)