NOAA-Style Climate Reports

Select a Year or Month report
2024: Jan Feb Mar Apr May Jun Jul Aug Sep Oct Nov Dec
2023: Jan Feb Mar Apr May Jun Jul Aug Sep Oct Nov Dec
2022: Jan Feb Mar Apr May Jun Jul Aug Sep Oct Nov Dec
2021: Jan Feb Mar Apr May Jun Jul Aug Sep Oct Nov Dec

Report for 2024 February

Daily noaa report



                            MONTHLY CLIMATOLOGICAL SUMMARY for FEB. 2024

NAME:    CITY:  STATE: 
ELEV:  LAT:  LONG: 

                            TEMPERATURE ( °F), RAIN (in.), WIND SPEED (mph)

                                               HEAT     COOL           AVG
      MEAN                                     DEG      DEG            WIND                       DOM
DAY   TEMP    HIGH   TIME     LOW    TIME      DAYS     DAYS    RAIN   SPEED    HIGH    TIME      DIR
--------------------------------------------------------------------------------------------------------
01    41.6   056.5   15:33    30.0   07:21     23.3     00.0   00.00   02.2     11.5    15:20      W 
02    46.3   058.3   11:38    38.7   02:14     18.6     00.0   00.00   03.8     25.3    19:53     NNW
03    40.5   046.8   14:32    29.1   00:00     24.5     00.0   00.00   03.5     18.4    09:19     NNW
04    37.2   050.9   13:41    27.3   06:05     27.7     00.0   00.00   02.3     13.8    16:30     NNW
05    44.5   052.3   14:21    33.5   08:01     20.5     00.0   00.00   03.5     14.9    15:18     NNE
06    40.3   045.7   11:42    35.8   00:29     24.6     00.0   00.00   05.8     24.1    13:36     NNE
07    38.7   046.8   12:41    30.2   00:00     26.3     00.0   00.00   03.8     20.7    10:54      N 
08    38.9   054.1   14:02    27.0   06:03     26.1     00.0   00.00   01.7     09.2    17:15     SSW
09    47.2   055.9   15:35    37.8   00:02     17.7     00.0   00.00   02.4     18.4    13:51     WSW
10    60.2   074.3   14:57    51.8   00:10     04.8     00.0   00.00   03.6     19.6    09:48      W 
11    55.2   060.3   16:21    46.4   00:00     09.7     00.0   00.36   02.0     13.8    14:25     WNW
12    46.6   049.5   00:00    45.3   06:57     18.3     00.0   00.08   01.9     11.5    22:28     ENE
13    48.4   058.3   06:43    33.8   00:00     16.5     00.0   00.10   04.6     28.8    09:16     WNW
14    40.6   054.1   15:13    31.3   05:32     24.3     00.0   00.00   02.3     16.1    13:40     WNW
15    42.2   055.0   15:45    27.3   07:09     22.7     00.0   00.00   02.5     16.1    23:43     SSW
16    46.8   054.5   01:01    40.3   23:58     18.1     00.0   00.00   03.2     20.7    00:41     NNW
17    41.9   048.7   04:58    32.2   21:51     23.0     00.0   00.00   03.9     26.4    08:40      NW
18    36.8   047.8   15:15    26.4   04:09     28.2     00.0   00.00   03.1     19.6    13:19      W 
19    38.6   049.5   16:09    28.0   07:03     26.4     00.0   00.00   02.8     19.6    09:49      N 
20    37.9   048.9   12:52    26.6   05:54     27.0     00.0   00.00   04.1     21.9    12:32     NNE
21    39.4   048.9   14:13    29.8   00:00     25.6     00.0   00.00   03.2     17.3    12:14      N 
22    45.1   061.5   15:11    27.3   06:29     19.9     00.0   00.00   03.0     19.6    16:28      SW
23    51.1   055.6   04:51    42.4   00:00     13.9     00.0   00.21   03.3     14.9    06:03      W 
--------------------------------------------------------------------------------------------------------
43.7 (43.8)   74.3  day 10     26.4  day 18   487.6    000.0   00.78   03.1     28.8   day 13      NW
Min <  86: 23
Max Rain: 0.36 ON 11-02-24
Days of Rain: 4 (> .008in) 4 (> .08in) 0 (> 0.8in)